posite number?
True
Is 21029606567 a prime number?
True
Is 24277215251 prime?
False
Is 2737999703 composite?
True
Is 513143441 a composite number?
False
Is 578659171 a composite number?
True
Is 36100853939 composite?
True
Is 1620967657 composite?
True
Is 45409416245 composite?
True
Is 1044861101 a composite number?
False
Is 37350563 composite?
False
Is 25463573027 prime?
False
Is 67251809969 prime?
False
Is 4055987699 prime?
True
Is 1031936861 composite?
False
Is 957637321 composite?
False
Is 285948109 a prime number?
False
Is 16062314129 a prime number?
False
Is 98777951 a prime number?
True
Is 1339260829 a composite number?
False
Is 33265725067 a composite number?
True
Is 4155104911 prime?
False
Is 773886437 a composite number?
True
Is 3007848317 composite?
True
Is 2249340419 composite?
False
Is 28189890011 a prime number?
True
Is 403270093 a prime number?
False
Is 618926969 prime?
True
Is 331962989519 a prime number?
False
Is 1358728337 composite?
False
Is 1015431563 a prime number?
False
Is 1382734271 a composite number?
False
Is 1644594569 a prime number?
False
Is 20745671 prime?
False
Is 23905072229 a composite number?
True
Is 37811202251 a composite number?
False
Is 12875579903 prime?
False
Is 27462119 prime?
True
Is 19621086302 prime?
False
Is 13925292839 composite?
True
Is 8608352479 prime?
True
Is 48126763 composite?
True
Is 20819441509 a composite number?
False
Is 10150691401 prime?
True
Is 1070579233 composite?
True
Is 157281017779 prime?
True
Is 13216713539 prime?
False
Is 30207860857 prime?
True
Is 2584804199 a composite number?
False
Is 217637509 prime?
False
Is 181223617 a prime number?
True
Is 50475684401 composite?
False
Is 3263200489 a composite number?
True
Is 15983422057 prime?
True
Is 6329712443 composite?
True
Is 1755655687 composite?
True
Is 91429658707 a prime number?
True
Is 11701551613 a composite number?
True
Is 4257645139 composite?
True
Is 27104818603 a composite number?
True
Is 5729318849 a composite number?
False
Is 79916318203 a prime number?
False
Is 31490747399 composite?
True
Is 7496904907 a composite number?
True
Is 7141119169 a prime number?
True
Is 5291248471 composite?
False
Is 774776947 a prime number?
False
Is 5122003433 prime?
False
Is 1103633579 a composite number?
False
Is 406403021 composite?
False
Is 638678231 prime?
True
Is 37554197 composite?
False
Is 12014086879 composite?
True
Is 495067159 a prime number?
True
Is 800703583 composite?
False
Is 1311111661 composite?
False
Is 24119785723 composite?
True
Is 8400509939 a composite number?
False
Is 160999021 prime?
True
Is 532185223 a composite number?
True
Is 3311537407 a composite number?
True
Is 11290060891 a composite number?
False
Is 3623824963 composite?
True
Is 1329965863 composite?
False
Is 378444163 composite?
False
Is 20537563 prime?
True
Is 1357801091 a composite number?
True
Is 743360333 prime?
False
Is 4020540017 composite?
True
Is 1601641901 composite?
True
Is 19986081041 a prime number?
True
Is 28886413861 a composite number?
True
Is 9938560633 a composite number?
False
Is 1309344391 a prime number?
False
Is 17664774997 a composite number?
True
Is 522673331 prime?
False
Is 16651867573 prime?
False
Is 253579861 a composite number?
False
Is 19676505737 a composite number?
True
Is 1755762137 a prime number?
True
Is 398661499 a composite number?
True
Is 643485719 a prime number?
True
Is 9511267187 prime?
True
Is 11094773479 composite?
True
Is 1376134913 a composite number?
True
Is 10734720173 prime?
True
Is 24747768691 composite?
False
Is 2883770837 prime?
True
Is 3364703779 prime?
True
Is 7987045558 composite?
True
Is 3805969 composite?
True
Is 4112258461 a composite number?
True
Is 11367303211 a prime number?
False
Is 10548285703 a composite number?
False
Is 34159153121 prime?
True
Is 389016761 composite?
True
Is 449075309 prime?
False
Is 10395564209 composite?
True
Is 206873189 a composite number?
True
Is 1183291337 composite?
False
Is 86911950133 a prime number?
False
Is 389097987 composite?
True
Is 47794710347 a prime number?
True
Is 91533444979 a prime number?
False
Is 6372162179 prime?
True
Is 33083888347 composite?
True
Is 1460529397 a composite number?
True
Is 2149477307 a composite number?
False
Is 354107669 prime?
True
Is 18618841123 a prime number?
True
Is 14721265357 a composite number?
False
Is 41912306803 composite?
False
Is 152902359529 prime?
False
Is 88325933 a composite number?
True
Is 44084295637 a prime number?
False
Is 10984516243 a composite number?
False
Is 321416419 prime?
True
Is 49668237607 a prime number?
False
Is 2407719373 composite?
True
Is 1823095289 prime?
True
Is 11335397393 a composite number?
True
Is 4410072899 prime?
True
Is 165414426833 a prime number?
False
Is 27464170001 prime?
True
Is 3691482239 a prime number?
False
Is 7882106 prime?
False
Is 45926627753 prime?
True
Is 9173425153 a composite number?
False
Is 66618069719 composite?
False
Is 16926859823 a composite number?
True
Is 276281254 a composite number?
True
Is 1353151601 a prime number?
False
Is 84095909 composite?
False
Is 4284805985 a prime number?
False
Is 3325799317 prime?
False
Is 53258657 a prime number?
True
Is 17542573267 a composite number?
True
Is 318565577831 a composite number?
True
Is 452870057 prime?
True
Is 2144010109 a composite number?
True
Is 733128731 composite?
False
Is 24856257073 prime?
False
Is 327955189 a composite number?
True
Is 139684907 a composite number?
True
Is 101218219 a composite number?
False
Is 148178659 a prime number?
False
Is 43833496547 prime?
False
Is 44366777911 prime?
False
Is 511837129 a composite number?
True
Is 720211469 composite?
False
Is 4975894678 prime?
False
Is 1044354239 a prime number?
True
Is 9877379 a prime number?
False
Is 1137138397 a prime number?
False
Is 8837607689 composite?
True
Is 34922203 prime?
False
Is 1651694297 a composite number?
True
Is 99196717 composite?
True
Is 1774782487 prime?
False
Is 505405261 a prime number?
False
Is 424811407 prime?
False
Is 11769413797 composite?
True
Is 2578818467 a prime number?
True
Is 9876026201 composite?
True
Is 80954938585 prime?
False
Is 10433284031 composite?
True
Is 2014365571 a composite number?
False
Is 10721513177 prime?
False
Is 866802227 composite?
True
Is 24855940937 a composite number?
True
Is 7048787633 a prime number?
True
Is 26321017643 a prime number?
True
Is 9235096933 prime?
True
Is 172139159 prime?
True
Is 1061853467 a prime number?
True
Is 4458892349 a prime number?
False
Is 2270245009 prime?
True
Is 2191705049 a composite number?
True
Is 136799147029 prime?
False
Is 67073337803 composite?
True
Is 10524542321 a composite number?
False
Is 14000995199 a composite number?
False
Is 31723792741 composite?
False
Is 8440077587 prime?
True
Is 1214085113 prime?
True
Is 10929929173 a composite number?
False
Is 909274489 composite?
True
Is 1167259055 a prime number?
False
Is 5637595121 composite?
False
Is 1736168053 composite?
False
Is 317055569 composite?
True
Is 234091129193 a prime number?
False
Is 613196359 a prime number?
False
Is 39490183991 a prime number?
True
Is 190897639619 a prime number?
True
Is 322486513 prime?
True
Is 242302729 a prime number?
True
Is 5981053363 a composite number?
True
Is 37589990099 a composite number?
False
Is 2828246699 a prime number?
True
Is 2074767257 a prime number?
True
Is 52984037 prime?
False
Is 159606287 a composite number?
False
Is 1122711391 a prime number?
True
Is 2895194117 prime?
False
Is 707328161 a composite number?
True
Is 5329512766 a prime number?
False
Is 19847284313 a composite number?
True
Is 6039970721 prime?
True
Is 859563899 prime?
False
Is 19559457473 prime?
True
Is 655398605 composite?
True
Is 4729968535 prime?
False
Is 72849863 a composite number?
True
Is 58857415313 a prime number?
True
Is 1368218879 prime?
False
Is 7087815935 a composite number?
True
Is 34258921621 a prime number?
True
Is 18147821303 prime?
False
Is 23432027407 composite?
True
Is 6474667621 a prime number?
False
Is 1032779233 prime?
False
Is 6751861703 a prime number?
True
Is 851905771 a composite number?
False
Is 1119271899 composite?
True
Is 15427281151 composite?
False
Is 1178649811 a composite number?
False
Is 146465696909 composite?
True
Is 400433207 a prime number?
True
Is 110410423 prime?
F